b = 4*v - 3*b - 399, -5*v + b = -501. Let x = -72779 - -72819. Calculate the greatest common divisor of x and v.
20
Suppose -15 = -5*h, y - 2*y - 2*h + 253 = 0. Calculate the highest common factor of 2052 and y.
19
Let d = -159 - -161. Suppose -d*o = -5*o - 2*b + 108, 4*b = -5*o + 180. What is the greatest common factor of 48 and o?
12
Suppose 0 = 3*f - 0*f - 72. Let w = f - -16. Calculate the greatest common divisor of w and 30.
10
Suppose 2*m = -3*p - 2, -2*p = 2*m - 5*p - 10. Let o(w) = 379*w + 32. Let d be o(m). What is the greatest common divisor of 10 and d?
10
Let o be (-1)/(-3) + (-6201)/(-27). Let i be 57/171 + o/3 + 0. What is the highest common factor of i and 77?
77
Suppose j + 8 = 3, 136 = 3*r - 2*j. Let q(v) = -6*v + 11. Let h be q(2). Let u(n) = -68*n + 2. Let b be u(h). Calculate the greatest common divisor of r and b.
14
Let j(l) = -13*l - 101 - 6*l - 5*l + 23 - 9*l. Let n be j(-4). Calculate the greatest common divisor of n and 3.
3
Let f(y) = -61*y - 1207. Let d be f(-20). What is the greatest common factor of 117 and d?
13
Let o(s) = 14*s + 12. Let u be o(-8). Let l = u - -221. Let j be (1 - (-3)/(-2))*110/(-5). Calculate the greatest common factor of l and j.
11
Let m = 585 - 355. Let d = m - 177. Calculate the highest common factor of d and 583.
53
Let j be 7 - (-4 + 13) - 326/(-1). Let k be (-12)/(-4) + -4 + j. Calculate the greatest common divisor of k and 17.
17
Let j = 251 - -1171. What is the greatest common factor of 45 and j?
9
Let n = 70 + -68. Let h(u) = 8*u + 57*u**2 + 74*u**2 - 114*u**n + 0*u - 7. Let m be h(1). What is the highest common divisor of 18 and m?
18
Let d(n) be the second derivative of n**5/20 - 11*n**4/12 + 19*n**3/6 - n**2 + 71*n. Let r be d(9). What is the highest common divisor of 91 and r?
7
Suppose -4*t + 16512 = 4*z, -26*t + 2*z = -22*t - 16512. Calculate the highest common factor of t and 192.
96
Let j be -7 - ((-3)/9*26835)/1. What is the greatest common factor of j and 492?
82
Let y be (3/4)/(21*(-6)/(-17640)). What is the highest common factor of y and 4935?
105
Suppose 263 = -2*u + 181. Let j = 75 + u. What is the highest common divisor of j and 578?
34
Suppose -66 + 26 = -5*v. Let a(r) = 38*r - 216. Let b be a(v). Calculate the highest common divisor of b and 24.
8
Suppose -54*d + 429 = -21*d. What is the highest common factor of 8424 and d?
13
Suppose -6*g + 9739 = -11069. What is the greatest common factor of g and 12?
12
Suppose 0 = -22*v + 32*v - 60. Suppose n + 4*w = 6, w - 2*w = 0. Let i(u) = u**2 - 5*u. Let r be i(n). Calculate the highest common divisor of r and v.
6
Suppose -5*a = 14*z - 12*z - 1428, -1141 = -4*a - 3*z. Calculate the highest common factor of a and 1936.
22
Suppose -132 - 80 = -2*d. Let v = 130 - d. Calculate the highest common divisor of 216 and v.
24
Let q(b) = b**2 - 8*b - 33. Let o be q(-3). Suppose 5*r - 261 = -2*x - 1, o = 3*x - 2*r - 371. Calculate the highest common divisor of x and 5.
5
Let w(l) = 368*l - 5071. Let b be w(17). Calculate the greatest common divisor of b and 75.
15
Let c be (-6)/(-1*2) + (-198)/(-99). Suppose -3*o - 6 = 0, 3*x - c*o = 4*x - 630. Calculate the greatest common divisor of 40 and x.
40
Suppose 5*q + 17*w - 16*w - 16695 = 0, 0 = 2*q - 2*w - 6678. What is the highest common divisor of q and 27?
9
Let c be (15/(-6) + 2)*-28. Suppose l = c + 6. Suppose 4*m = 3*g + 57, -2*m - 7*g - 38 = -41. What is the greatest common divisor of m and l?
4
Suppose 38*p = 89*p - 1020. Let b be 3/5 - (-494)/10. Calculate the greatest common divisor of p and b.
10
Suppose g - 23 = -2*n, -7*g = -10*g + n + 55. Suppose 5*k = 779 - 304. What is the highest common factor of g and k?
19
Let o(u) = -u**3 + 4*u**2 + 17*u + 130. Let m be o(-8). What is the highest common factor of m and 5461?
127
Suppose 0 = -3*o + 5*j + 98, -19*j - 32 = -o - 17*j. Calculate the greatest common factor of o and 512.
4
Suppose -5*c + 7*g + 536 = 0, 9*g = 7*g + 14. Let w be ((-26)/3)/((-14)/21). What is the greatest common divisor of w and c?
13
Let r = -9414 + 9444. Calculate the greatest common divisor of r and 2110.
10
Let a(z) = -13*z - 225. Let d be -10 - -2*81/(-18). Let w be a(d). Calculate the greatest common divisor of w and 121.
11
Let s(v) = 9*v**3 - v**2 + 1. Let z be s(1). Let h be 2 - 3/2 - 11/22. Suppose h = -y + 44 + 19. What is the greatest common factor of y and z?
9
Let m(w) = 1329*w**2 + 207*w - 1163. Let j be m(6). Calculate the highest common factor of 17 and j.
17
Let n(a) = a**2 - 9*a + 18. Let x be n(6). Suppose 20*w + 3*w - 7084 = 0. Suppose f + f - w = x. What is the highest common factor of 22 and f?
22
Let i(p) = p**3 - 2*p**2 + p + 10. Let x(s) = -s + 12. Suppose 4*t - 4 - 32 = 0. Let r be x(t). Let h be i(r). Calculate the highest common divisor of 22 and h.
22
Let b be (-4)/(8/(-20)*1*5). Suppose 6*h - 128 = -b*h. Calculate the greatest common factor of h and 2.
2
Suppose 0 = 3*i - 3*h - 2*h - 611, 418 = 2*i + 2*h. Calculate the highest common divisor of 99 and i.
9
Let r = 10076 - 10031. Let y be (2 - 2/2)*36. What is the greatest common factor of y and r?
9
Let l(f) = 54*f + 1. Let u be l(1). Let y = -30 + u. Suppose 0 = 3*h - 20*h + 425. What is the greatest common divisor of y and h?
25
Let v(i) = -3*i + 64. Suppose 35 = -16*h + 227. Let w be v(h). Calculate the greatest common factor of 196 and w.
28
Suppose -21*r + 430 = -r - 4570. Calculate the greatest common factor of 8350 and r.
50
Let s = 30 + -53. Let a = s + 52. Let h(b) = -b**3 + 9*b**2 + 15*b - 19. Let d be h(9). Calculate the greatest common divisor of d and a.
29
Suppose -96*j - 15146 + 136106 = 0. Calculate the highest common divisor of j and 14364.
252
Let b be 108/(-4)*1*(-16)/6. Let m(v) = v**3 + 8*v**2 - 9*v + 8. Let u be 1 - -6*5/(-3). Let g be m(u). What is the highest common divisor of g and b?
8
Suppose -2*x = k - 3*x - 377, 381 = k - 3*x. Let w(q) = 5*q**3 - 11*q**2 - 6. Let h be w(3). What is the highest common factor of h and k?
15
Let z(u) be the second derivative of u**4/12 + 3*u**3/2 + 5*u**2/2 + u + 102. Let v be z(2). What is the greatest common divisor of 12 and v?
3
Suppose x = -4*q + 103, 3*x - 258 = 5*q + 102. Suppose -18*c = 131 + 6331. Let g = -313 - c. What is the greatest common divisor of g and x?
23
Let q(f) = 13*f + 29. Let d = 172 + -168. Let s be q(d). Calculate the highest common factor of s and 9.
9
Let p(j) = j**2 - 4*j + 4. Let z be p(8). Let b = 848 + -434. Suppose -170 = -3*a + a - d, 5*a = 3*d + b. Calculate the greatest common factor of a and z.
12
Suppose -3*q + q = -20. Let t = 4142 + -4032. What is the greatest common factor of t and q?
10
Let y(v) = v**2 - 9*v - 5. Let u(g) = g**2 - 9*g + 5. Let j be u(10). Let q be y(j). Let z = q + -45. What is the highest common divisor of 5 and z?
5
Let i(a) = 2*a**2 + 6*a - 14. Let y = -10 + 4. Let u be i(y). Let j = 5357 + -5280. What is the highest common divisor of u and j?
11
Suppose o - 24 = 4. Let t = -300 + 312. Suppose t = -4*w + o. What is the greatest common factor of 1 and w?
1
Let j be (60/25)/((-4)/(-130)). Suppose -5*t + j = -3*q + 4*q, 0 = -2*t - 2*q + 28. Let p = -836 - -996. What is the greatest common factor of p and t?
16
Let f(i) = -29*i - 179. Let a be f(-13). What is the highest common factor of 774 and a?
18
Suppose -66*y = 14*y - 13440. Let p be 16/(-3)*(7 - (-259)/(-28)). Calculate the highest common divisor of y and p.
12
Let j(d) = 2*d**2 - 6 - 11 - 23*d + 31 - 26 - 27. Let r be j(17). Calculate the highest common factor of r and 185.
37
Let t(k) = -17*k + 73. Let y be t(-6). Let n = y + -147. What is the greatest common divisor of n and 84?
28
Let l = -15404 - -15453. Calculate the highest common divisor of 23 and l.
1
Let w(o) = o**3 - 4*o**2 + 7*o + 2. Suppose -4*z + 8*z = 16. Let h be w(z). What is the greatest common divisor of h and 90?
30
Let p(v) = -v**2 - v + 21. Let s be p(-4). Suppose -13*z + s*z + 1444 = 0. What is the greatest common factor of 38 and z?
19
Let d(g) = -30*g + 448. Let a be d(2). What is the greatest common divisor of 873 and a?
97
Suppose -3*f - 3*m + 10516 = 3301, 3*f - 7230 = 2*m. What is the highest common factor of f and 224?
56
Suppose 8 = -5*d - 2. Let o(r) be the first derivative of 9*r**3 + r**2 + r - 44. Let k be o(d). Calculate 